e t(s). Let c(y) = 5*y - 9. Let m be c(4). What is the greatest common divisor of m and z?
11
Let c(q) = -q + 2. Let n be c(-2). Let t(z) = z**3 + 9*z**2 + z + 11. Let b be t(-9). Let m be -15*b/(-3)*1. What is the greatest common divisor of m and n?
2
Let k = 166 - 82. Calculate the highest common factor of k and 14.
14
Suppose 0 = 3*l - 25 - 5. What is the highest common factor of 4 and l?
2
Suppose -16 = r - 5*r. Suppose -5*u = -r*b + 51 + 492, 3 = -u. What is the highest common divisor of b and 12?
12
Suppose -2*t + 6 = -4*t, -2*s + 4*t + 46 = 0. Calculate the greatest common factor of 17 and s.
17
Let d(o) = 31*o + 3. Let k be d(2). What is the highest common divisor of k and 26?
13
Suppose 3*t = -2*t - 15. Let x = 6 + t. What is the highest common factor of x and 21?
3
Let u(y) = y**3 + 11*y**2 - 13*y - 3. Let l be u(-12). Calculate the greatest common divisor of 54 and l.
9
Suppose 0 = -d + 3*d - 190. What is the greatest common factor of 19 and d?
19
Let m(z) = z**3 + 8*z**2 - z - 7. Let s be m(-8). Suppose 6 + s = t. Suppose -t*q = -4*q - 45. What is the greatest common factor of q and 165?
15
Suppose 221 + 43 = 4*r. Let f be (12 + 0)*(-2)/(-4). Calculate the highest common divisor of r and f.
6
Let v be (1 - 2)*2 + 4. Suppose v*w + 6 = 0, 2*w - 6*w = -4*b + 44. Calculate the greatest common factor of 2 and b.
2
Let t(g) = -g**2 - 7*g + 3. Let h be t(-5). Suppose -2*y = -x + 8, x + 4*y = h + 25. Calculate the highest common factor of x and 198.
18
Let m(a) = -4*a - 4. Let l be m(-5). Let o be (-30)/(9/4 - 3). Calculate the greatest common divisor of o and l.
8
Let r(i) = 3*i**2 + i - 2. Let p be r(-2). Let n = -3 + p. Suppose 13 = 3*c - n. What is the greatest common factor of c and 66?
6
Suppose -239 = -7*m - 141. Let n(c) = c**3 - 2*c**2 - 5*c + 2. Let d be n(4). Calculate the greatest common divisor of d and m.
14
Suppose 3*d - 10 + 1 = -y, 0 = -4*y + 4*d - 28. Let o(b) = -b**3 - 4*b**2 - 4*b. Let u be o(y). Calculate the greatest common factor of 1 and u.
1
Let q = 5 - 2. Suppose -m = 5*p - 15, -q*m - 5*p - 17 + 52 = 0. Calculate the highest common factor of 90 and m.
10
Suppose 4*r - 4*b + 21 = 105, 33 = r - 4*b. Let v = -17 - -17. Suppose v = -5*o + r + 48. Calculate the highest common factor of o and 65.
13
Let g = -76 - -87. Let t = 4 + -3. Let q be (-149 - t)/(-2) - -2. What is the highest common divisor of q and g?
11
Let y(t) = t - 4. Let c be y(6). Let q = 28 - 16. Let o be (q/14)/(c/14). What is the greatest common factor of o and 30?
6
Let s be 18 + -2 + 9/3. Suppose -5*g + s = -4*g. Suppose 219 = -5*y + 1264. What is the highest common divisor of g and y?
19
Suppose 2*f + f - 1620 = 0. Suppose -5*b = -f + 100. Suppose 3*q - b = -q. Calculate the highest common divisor of q and 33.
11
Suppose -z + 3 = 0, 2*z = -5*y - 35 + 301. Calculate the highest common factor of y and 65.
13
Suppose -2*f + 2*w + 112 = -0*w, 0 = 4*f + 5*w - 260. Let s = f + -36. What is the greatest common factor of s and 48?
24
Let l = 169 + -166. What is the greatest common factor of 3 and l?
3
Let a be (12/10)/(4/20). Suppose -k - 200 = -a*k. What is the highest common divisor of 8 and k?
8
Let u = 178 - 119. Calculate the greatest common divisor of u and 177.
59
Let g(i) = -i + 7. Let m be g(5). Suppose -m*r = 2*r - 176. Calculate the highest common divisor of r and 4.
4
Let l = 80 + -55. What is the highest common divisor of l and 75?
25
Let y be 3 - (3 - 10*3). Suppose 3*j - 31 = 29. Calculate the highest common divisor of j and y.
10
Let x = -45 + 76. Suppose 0 = 2*h - x + 1. Calculate the greatest common factor of 6 and h.
3
Suppose 4*t - 1 = 4*l - 5, 3*l = -5*t + 11. Suppose 4*u = -5*p + 253, -l*p - u - u + 102 = 0. What is the highest common factor of 7 and p?
7
Suppose 0 = -0*n - 2*n. Suppose n*a - 5*t + 54 = 3*a, -7 = -a + 2*t. Let l = 118 + -14. What is the greatest common factor of a and l?
13
Let n be (-1)/(6/(-4))*36. Let l(w) = 2*w - 6. Let v be l(11). What is the highest common factor of n and v?
8
Let g = -13 - -35. Calculate the highest common divisor of g and 11.
11
Suppose 3*q - 2*u + 3 = 2*q, 5*q - 15 = 4*u. Let x be (-10)/(3 + (-46)/14). What is the highest common factor of q and x?
7
Let y(r) = -6*r + 1 + 2 - 7 + 1. Let o be y(-9). What is the highest common divisor of o and 34?
17
Suppose l - 6*l = -50. Suppose -14*z - 200 = -19*z. Calculate the highest common factor of z and l.
10
Let a(x) = 6*x + x**2 - 5 + 0*x + 2. Let s be a(-7). Suppose -5*k + g + 161 = -0*k, -4*k = -g - 129. What is the greatest common divisor of k and s?
4
Let n = -7 + 10. Suppose 3*z - n*q - 396 = 0, -4*z + 2*q - 396 = -7*z. What is the greatest common factor of z and 12?
12
Let t be (-2 - 1)*17/(-3 - -2). What is the highest common factor of 34 and t?
17
Suppose -35 = 3*w - 194. What is the greatest common divisor of 53 and w?
53
Suppose 4*c + 286 = -54. Let z be (-2 + -1)*c/15. What is the greatest common factor of z and 85?
17
Suppose 0 = -3*b - 0*b + 336. Let z = b - 28. What is the highest common divisor of 12 and z?
12
Let q be 1/(-4) + (-212)/(-16). Let s = -24 + q. Let p = 76 + s. Calculate the highest common divisor of p and 26.
13
Suppose 2*d = 6*d - 224. Let q = -25 + d. Let a = 25 + q. What is the highest common factor of a and 7?
7
Suppose -2*c + 5*c - 72 = 0. Calculate the greatest common factor of c and 12.
12
Suppose 0 = -3*s + 5*k + 29, 5*k + 11 - 3 = -4*s. Let l be s/(-9) + 489/9. What is the greatest common factor of l and 18?
18
Let g(z) = -z - 1. Let t be g(-4). Suppose 0*n + 27 = t*n. Calculate the highest common factor of 81 and n.
9
Let z be ((-3)/(-2))/(2/(-20)). Let y = z - -21. Suppose u - 51 = -5*s, -5*u + 339 = -2*s - s. What is the highest common factor of u and y?
6
Let q be (37/3)/((-1)/(-3)). Calculate the greatest common divisor of q and 148.
37
Let w be (-162)/(-15)*(-10)/(-4). Let k = 92 + w. What is the highest common divisor of 17 and k?
17
Suppose -j + 23 = -2*c + 8, 0 = 3*j + 4*c + 5. What is the greatest common factor of j and 20?
5
Let v be ((-18)/(-1))/(-2 + 4). What is the greatest common divisor of v and 18?
9
Let t(s) = s**2 + 2*s - 1. Let x be t(1). Suppose -g = g - y - 51, x*g - 46 = 2*y. Let l = 4 + g. What is the greatest common divisor of l and 80?
16
Let x be 1/2*(-1 - -7). Suppose -5*r - a + 50 = 0, -30 = -0*r - x*r - a. Let o be 1*(16*2 - 2). What is the highest common factor of r and o?
10
Let y(o) = -o**3 + 5*o**2 + 6*o - 1. Let h be y(6). Let u(w) = -73*w - 1. Let x be u(h). Calculate the greatest common divisor of 9 and x.
9
Let v(t) = t**3 - 5*t**2 - 5*t - 3. Let y be v(6). Let i be (2/(-4))/((-2)/(-4)). Let f be (5 - 4)/(i/(-9)). Calculate the highest common factor of y and f.
3
Let u = -90 + 120. Calculate the highest common factor of 12 and u.
6
Suppose -24 = -2*o - 4*o. What is the highest common divisor of o and 2?
2
Let f = -46 + 62. Calculate the greatest common divisor of f and 56.
8
Let x(m) = 2*m**3 + 3*m - 1. Let w be x(2). Suppose 2*h + r - 43 = -2*h, 0 = -3*r + 9. Let y = h + -7. Calculate the highest common factor of w and y.
3
Let p(r) = 6*r + 2. Let b(x) = 1. Let q(k) = b(k) - p(k). Let y be q(-2). What is the highest common divisor of 77 and y?
11
Let c = 11 + -6. What is the greatest common factor of 30 and c?
5
Let a = -9 + 8. Let s be 9 + a/((-1)/2). Calculate the highest common factor of s and 11.
11
Let w(i) = -2*i**2 + i + 5. Let d be w(-4). Let l = d - -57. Calculate the highest common factor of l and 26.
26
Let l be (44/(-6))/(6/(-9)). What is the highest common factor of 99 and l?
11
Let h(m) = -m**3 - 7*m**2 - 6*m + 4. Let l be h(-6). Suppose -5*r = -l*r - 6. Let a(v) = v. Let i be a(4). What is the highest common factor of i and r?
2
Suppose 5*r - 234 = 81. What is the greatest common divisor of r and 7?
7
Let v = 255 - 180. Suppose -v = -9*z + 4*z. Suppose 1510 = 20*d - 1190. What is the highest common factor of d and z?
15
Let v be -2*(0 + 1)*-2. Suppose 5*t - 19 = -v, -2*t = 3*y - 186. Calculate the greatest common divisor of y and 12.
12
Suppose 2*j - 375 - 51 = 0. Let m = j + -59. Let u be (6/(-4))/((-1)/m). Calculate the highest common divisor of 21 and u.
21
Let i(s) = s**2 - 7*s - 13. Let h be i(9). Suppose 32 = h*t - 18. Calculate the highest common div